{"id":78,"date":"2016-09-28T16:12:10","date_gmt":"2016-09-28T16:12:10","guid":{"rendered":"http:\/\/www.winterdesign.it\/?page_id=78"},"modified":"2022-03-04T18:57:42","modified_gmt":"2022-03-04T18:57:42","slug":"whos-winter","status":"publish","type":"page","link":"https:\/\/www.winterdesign.it\/index.php\/whos-winter\/","title":{"rendered":"Who&#8217;s Winter Design?"},"content":{"rendered":"<h1>winter design<\/h1>\n<h2><span style=\"color: purple;\">3d | graphics | illustration | multimedia | folktronica<\/span><\/h2>\n<p><strong>winter design<\/strong> \u00e8 un&#8217;attivit\u00e0 professionale di graphic designer \u00e8 riconosciuta ed apprezzata per le competenze quali grafica 3D, illustrazione, brand design, immagine coordinata ed animazione video.<\/p>\n<h3>Multimedialit\u00e0, Graphic Design e 3d.<\/h3>\n<p>La comunicazione, l&#8217;immagine coordinata e la presentazione multimediale dell&#8217;attivit\u00e0 professionale dell&#8217;utente \u00e8 il cuore dei servizi offerti da winter design.<br \/>\nFormazione professionale di livello universitario in campo artistico e scientifico rendono winter design una figura professionale all&#8217;altezza delle esigenze del mercato del lavoro contemporaneo.<br \/>\nPresentazioni aziendali, siti e portali, servizi di analisi internet, video servizi online, illustrazione, branding, corporate identity e logo design sono servizi offerti da winter design.<\/p>\n<p><em>winter design is a 3d, Graphic Design, Multimedia Firm.<br \/>\nWe work from draft to virtual reality, from pencil to vector based illustration.<br \/>\nVisualizing a concept, idea or product to express through the appropriate media.<br \/>\nOur work range over 3D animation presentations, web applications, promotional videos, illustrated brochures for clients in Real Estate, Construction, Manufacturing, Education, Marketing, Architecture, Archaeology, Engineering, Education &amp; Cultural Heritage sectors.<br \/>\nwinter design studio is in Turin, Italy<\/em><\/p>\n<h4>Watercolor Illustration Gallery 01<\/h4>\n<div id=\"mygallery_wrapper_11\" class=\"clearfix gallery-img-content\"\r\n     data-rating-type=\"off\">\r\n\t<div id=\"mygallery_11\" class=\"mygallery clearfix view-justified\">\r\n\t\t\t\t<input type=\"hidden\" id=\"total\" value=\"2\"\/>\r\n\t\t\t\t\t\t\t\t\t\t\t\t<a class=\"gallery_group11\" href=\"http:\/\/www.winterdesign.it\/wp-content\/uploads\/2016\/10\/illustration_scan_10-1.jpg\"\r\n\t\t\t\t\t   title=\"Winged Lion and Flying Banana\">\r\n\t\t\t\t\t\t<img id=\"wd-cl-img0\"\r\n\t\t\t\t\t\t     alt=\"Winged Lion and Flying Banana\"\r\n\t\t\t\t\t\t     src=\"https:\/\/www.winterdesign.it\/wp-content\/uploads\/2016\/10\/illustration_scan_10-1-300x157.jpg\"\/>\r\n\t\t\t\t\t\t\t\t\t\t\t<\/a>\r\n\t\t\t\t\t<input type=\"hidden\" class=\"pagenum\" value=\"1\"\/>\r\n\t\t\t\t\t\t\t\t\t\t\t\t\t\t\t\t\t\t\t<a class=\"gallery_group11\" href=\"http:\/\/www.winterdesign.it\/wp-content\/uploads\/2016\/10\/illustration_scan_09_eagle-1.jpg\"\r\n\t\t\t\t\t   title=\"Saint John Eagle\">\r\n\t\t\t\t\t\t<img id=\"wd-cl-img1\"\r\n\t\t\t\t\t\t     alt=\"Saint John Eagle\"\r\n\t\t\t\t\t\t     src=\"https:\/\/www.winterdesign.it\/wp-content\/uploads\/2016\/10\/illustration_scan_09_eagle-1-300x190.jpg\"\/>\r\n\t\t\t\t\t\t\t\t\t\t\t<\/a>\r\n\t\t\t\t\t<input type=\"hidden\" class=\"pagenum\" value=\"1\"\/>\r\n\t\t\t\t\t\t\t\t\t\t\t\t\t\t\t\t\t\t\t<a class=\"gallery_group11\" href=\"http:\/\/www.winterdesign.it\/wp-content\/uploads\/2016\/10\/illustration_scan_00_sea.jpg\"\r\n\t\t\t\t\t   title=\"Sea\">\r\n\t\t\t\t\t\t<img id=\"wd-cl-img2\"\r\n\t\t\t\t\t\t     alt=\"Sea\"\r\n\t\t\t\t\t\t     src=\"https:\/\/www.winterdesign.it\/wp-content\/uploads\/2016\/10\/illustration_scan_00_sea-300x211.jpg\"\/>\r\n\t\t\t\t\t\t\t\t\t\t\t<\/a>\r\n\t\t\t\t\t<input type=\"hidden\" class=\"pagenum\" value=\"1\"\/>\r\n\t\t\t\t\t\t\t\t\t\t\t\t\t\t\t\t\t\t\t<a class=\"gallery_group11\" href=\"http:\/\/www.winterdesign.it\/wp-content\/uploads\/2016\/10\/illustration_scan_06.jpg\"\r\n\t\t\t\t\t   title=\"Crow\">\r\n\t\t\t\t\t\t<img id=\"wd-cl-img3\"\r\n\t\t\t\t\t\t     alt=\"Crow\"\r\n\t\t\t\t\t\t     src=\"https:\/\/www.winterdesign.it\/wp-content\/uploads\/2016\/10\/illustration_scan_06-231x300.jpg\"\/>\r\n\t\t\t\t\t\t\t\t\t\t\t<\/a>\r\n\t\t\t\t\t<input type=\"hidden\" class=\"pagenum\" value=\"1\"\/>\r\n\t\t\t\t\t\t\t\t\t\t\t\t\t\t\t\t\t\t\t<a class=\"gallery_group11\" href=\"http:\/\/www.winterdesign.it\/wp-content\/uploads\/2016\/10\/illustration_scan_07.jpg\"\r\n\t\t\t\t\t   title=\"Dragon\">\r\n\t\t\t\t\t\t<img id=\"wd-cl-img4\"\r\n\t\t\t\t\t\t     alt=\"Dragon\"\r\n\t\t\t\t\t\t     src=\"https:\/\/www.winterdesign.it\/wp-content\/uploads\/2016\/10\/illustration_scan_07-227x300.jpg\"\/>\r\n\t\t\t\t\t\t\t\t\t\t\t<\/a>\r\n\t\t\t\t\t<input type=\"hidden\" class=\"pagenum\" value=\"1\"\/>\r\n\t\t\t\t\t\t\t\t\t\t\t\t\t\t\t\t\t\t\t<a class=\"gallery_group11\" href=\"http:\/\/www.winterdesign.it\/wp-content\/uploads\/2016\/10\/illustration_scan_05.jpg\"\r\n\t\t\t\t\t   title=\"Astrothunder\">\r\n\t\t\t\t\t\t<img id=\"wd-cl-img5\"\r\n\t\t\t\t\t\t     alt=\"Astrothunder\"\r\n\t\t\t\t\t\t     src=\"https:\/\/www.winterdesign.it\/wp-content\/uploads\/2016\/10\/illustration_scan_05-249x300.jpg\"\/>\r\n\t\t\t\t\t\t\t\t\t\t\t<\/a>\r\n\t\t\t\t\t<input type=\"hidden\" class=\"pagenum\" value=\"1\"\/>\r\n\t\t\t\t\t\t\t\t\t\t\t\t\t\t\t\t\t\t\t<a class=\"gallery_group11\" href=\"http:\/\/www.winterdesign.it\/wp-content\/uploads\/2016\/10\/illustration_scan_04.jpg\"\r\n\t\t\t\t\t   title=\"Nero Abbagliante - Skull Football\">\r\n\t\t\t\t\t\t<img id=\"wd-cl-img6\"\r\n\t\t\t\t\t\t     alt=\"Nero Abbagliante - Skull Football\"\r\n\t\t\t\t\t\t     src=\"https:\/\/www.winterdesign.it\/wp-content\/uploads\/2016\/10\/illustration_scan_04-300x213.jpg\"\/>\r\n\t\t\t\t\t\t\t\t\t\t\t<\/a>\r\n\t\t\t\t\t<input type=\"hidden\" class=\"pagenum\" value=\"1\"\/>\r\n\t\t\t\t\t\t\t\t\t\t<\/div>\r\n\t<style>\r\n.justified-gallery {\r\n    width: 100%;\r\n    position: relative;\r\n}\r\n.justified-gallery a{\r\n    border:none;\r\n}\r\n.justified-gallery > a,\r\n.justified-gallery > div {\r\n    position: absolute;\r\n    display: inline-block;\r\n    opacity: 0;\r\n    overflow:hidden;\r\n    filter: alpha(opacity=0);\r\n    \/* IE8 or Earlier *\/\r\n}\r\n.justified-gallery > a > img,\r\n.justified-gallery > div > img {\r\n    position: absolute;\r\n    top: 50%;\r\n    left: 50%;\r\n    padding: 0;\r\n}\r\n.justified-gallery > a > .caption,\r\n.justified-gallery > div > .caption {\r\n    display: none;\r\n    position: absolute;\r\n    bottom: 0;\r\n    padding: 5px;\r\n    left: 0;\r\n    right: 0;\r\n    margin: 0;\r\n    color: #3AD6FC;\r\n    font-size: 13px;\r\n    font-weight: 300;\r\n    font-family: sans-serif;\r\n\/\/margin-left: px;\r\n    background:rgba(255,28,28,0.9)  !important;\r\n    overflow: hidden;\r\n    text-overflow: ellipsis;\r\n    white-space:nowrap;\r\n}\r\n.justified-gallery > a > .caption.caption-visible,\r\n.justified-gallery > div > .caption.caption-visible {\r\n    display: initial;\r\n    filter: \"alpha(opacity=70)\";\r\n    \/* IE8 or Earlier *\/\r\n    -webkit-animation: justified-gallery-show-caption-animation 500ms 0 ease;\r\n    -moz-animation: justified-gallery-show-caption-animation 500ms 0 ease;\r\n    -ms-animation: justified-gallery-show-caption-animation 500ms 0 ease;\r\n}\r\n.justified-gallery > .entry-visible {\r\n    opacity: 1.0;\r\n    filter: alpha(opacity=100);\r\n    \/* IE8 or Earlier *\/\r\n    -webkit-animation: justified-gallery-show-entry-animation 300ms 0 ease;\r\n    -moz-animation: justified-gallery-show-entry-animation 300ms 0 ease;\r\n    -ms-animation: justified-gallery-show-entry-animation 300ms 0 ease;\r\n}\r\n.justified-gallery > .spinner {\r\n    position: absolute;\r\n    bottom: 0;\r\n    margin-left: -24px;\r\n    padding: 10px 0 10px 0;\r\n    left: 50%;\r\n    opacity: initial;\r\n    filter: initial;\r\n    overflow: initial;\r\n}\r\n.justified-gallery > .spinner > span {\r\n    display: inline-block;\r\n    opacity: 0;\r\n    filter: alpha(opacity=0);\r\n    \/* IE8 or Earlier *\/\r\n    width: 8px;\r\n    height: 8px;\r\n    margin: 0 4px 0 4px;\r\n    background-color: #000;\r\n    border-top-left-radius: 6px;\r\n    border-top-right-radius: 6px;\r\n    border-bottom-right-radius: 6px;\r\n    border-bottom-left-radius: 6px;\r\n}\r\n.play-icon {\r\n    position:absolute;\r\n    top:0;\r\n    left:0;\r\n    width:100%;\r\n    height:100%;\r\n}\r\n.load_more2 {\r\n    margin: 10px 0;\r\n    position:relative;\r\n    text-align:center;\r\n    width:100%;\r\n}\r\n.load_more_button2 {\r\n    border-radius: 10px;\r\n    display:inline-block;\r\n    padding:5px 15px;\r\n    font-size:14px !important;;\r\n    color:#FF1C1C !important;;\r\n    background:#26A6FC !important;\r\n    cursor:pointer;\r\n}\r\n.load_more_button2:hover{\r\n    color:#FF4242 !important;\r\n    background:#0FEFFF !important;\r\n}\r\n.loading2 {\r\n    display:none;\r\n}\r\n.paginate2{\r\n    font-size:18px !important;\r\n    color:#26A6FC !important;\r\n    text-align: center;\r\n    margin-top: 25px;\r\n}\r\n.paginate2 a{\r\n    border-bottom: none !important;\r\n}\r\n.icon-style2{\r\n    font-size: 18px !important;\r\n    color:#26A6FC !important;\r\n}\r\n.clear{\r\n    clear:both;\r\n}\r\n.play-icon.youtube-icon {background:url(https:\/\/www.winterdesign.it\/wp-content\/plugins\/gallery-images\/assets\/images\/admin_images\/play.youtube.png) center center no-repeat;}\r\n.play-icon.vimeo-icon {background:url(https:\/\/www.winterdesign.it\/wp-content\/plugins\/gallery-images\/assets\/images\/admin_images\/play.vimeo.png) center center no-repeat;}\r\n<\/style>\n<p>&nbsp;<\/p>\n<h4>Pope Francis stage for visit to Turin<\/h4>\n<p><iframe loading=\"lazy\" src=\"https:\/\/www.youtube.com\/embed\/qZ4HlQ_lur4\" width=\"640\" height=\"360\" frameborder=\"0\" allowfullscreen=\"allowfullscreen\"><\/iframe><\/p>\n<h4>Watercolor Illustration Gallery 02<\/h4>\n<div id=\"mygallery_wrapper_12\" class=\"clearfix gallery-img-content\"\r\n     data-rating-type=\"off\">\r\n\t<div id=\"mygallery_12\" class=\"mygallery clearfix view-justified\">\r\n\t\t\t\t<input type=\"hidden\" id=\"total\" value=\"2\"\/>\r\n\t\t\t\t\t\t\t\t\t\t\t\t<a class=\"gallery_group12\" href=\"http:\/\/www.winterdesign.it\/wp-content\/uploads\/2016\/10\/illustration_scan_00_metaphisics.jpg\"\r\n\t\t\t\t\t   title=\"Dream\">\r\n\t\t\t\t\t\t<img id=\"wd-cl-img0\"\r\n\t\t\t\t\t\t     alt=\"Dream\"\r\n\t\t\t\t\t\t     src=\"https:\/\/www.winterdesign.it\/wp-content\/uploads\/2016\/10\/illustration_scan_00_metaphisics-209x300.jpg\"\/>\r\n\t\t\t\t\t\t\t\t\t\t\t<\/a>\r\n\t\t\t\t\t<input type=\"hidden\" class=\"pagenum\" value=\"1\"\/>\r\n\t\t\t\t\t\t\t\t\t\t\t\t\t\t\t\t\t\t\t<a class=\"gallery_group12\" href=\"http:\/\/www.winterdesign.it\/wp-content\/uploads\/2016\/10\/illustration_scan_01.jpg\"\r\n\t\t\t\t\t   title=\"La Mano Rossa\">\r\n\t\t\t\t\t\t<img id=\"wd-cl-img1\"\r\n\t\t\t\t\t\t     alt=\"La Mano Rossa\"\r\n\t\t\t\t\t\t     src=\"https:\/\/www.winterdesign.it\/wp-content\/uploads\/2016\/10\/illustration_scan_01-300x212.jpg\"\/>\r\n\t\t\t\t\t\t\t\t\t\t\t<\/a>\r\n\t\t\t\t\t<input type=\"hidden\" class=\"pagenum\" value=\"1\"\/>\r\n\t\t\t\t\t\t\t\t\t\t\t\t\t\t\t\t\t\t\t<a class=\"gallery_group12\" href=\"http:\/\/www.winterdesign.it\/wp-content\/uploads\/2016\/10\/illustration_scan_02_eyes.jpg\"\r\n\t\t\t\t\t   title=\"Eyes and Lips\">\r\n\t\t\t\t\t\t<img id=\"wd-cl-img2\"\r\n\t\t\t\t\t\t     alt=\"Eyes and Lips\"\r\n\t\t\t\t\t\t     src=\"https:\/\/www.winterdesign.it\/wp-content\/uploads\/2016\/10\/illustration_scan_02_eyes-210x300.jpg\"\/>\r\n\t\t\t\t\t\t\t\t\t\t\t<\/a>\r\n\t\t\t\t\t<input type=\"hidden\" class=\"pagenum\" value=\"1\"\/>\r\n\t\t\t\t\t\t\t\t\t\t\t\t\t\t\t\t\t\t\t<a class=\"gallery_group12\" href=\"http:\/\/www.winterdesign.it\/wp-content\/uploads\/2016\/10\/illustration_scan_02_romanic.jpg\"\r\n\t\t\t\t\t   title=\"Romanic\">\r\n\t\t\t\t\t\t<img id=\"wd-cl-img3\"\r\n\t\t\t\t\t\t     alt=\"Romanic\"\r\n\t\t\t\t\t\t     src=\"https:\/\/www.winterdesign.it\/wp-content\/uploads\/2016\/10\/illustration_scan_02_romanic-211x300.jpg\"\/>\r\n\t\t\t\t\t\t\t\t\t\t\t<\/a>\r\n\t\t\t\t\t<input type=\"hidden\" class=\"pagenum\" value=\"1\"\/>\r\n\t\t\t\t\t\t\t\t\t\t\t\t\t\t\t\t\t\t\t<a class=\"gallery_group12\" href=\"http:\/\/www.winterdesign.it\/wp-content\/uploads\/2016\/10\/illustration_scan_03.jpg\"\r\n\t\t\t\t\t   title=\"Telesterion\">\r\n\t\t\t\t\t\t<img id=\"wd-cl-img4\"\r\n\t\t\t\t\t\t     alt=\"Telesterion\"\r\n\t\t\t\t\t\t     src=\"https:\/\/www.winterdesign.it\/wp-content\/uploads\/2016\/10\/illustration_scan_03-300x213.jpg\"\/>\r\n\t\t\t\t\t\t\t\t\t\t\t<\/a>\r\n\t\t\t\t\t<input type=\"hidden\" class=\"pagenum\" value=\"1\"\/>\r\n\t\t\t\t\t\t\t\t\t\t\t\t\t\t\t\t\t\t\t<a class=\"gallery_group12\" href=\"http:\/\/www.winterdesign.it\/wp-content\/uploads\/2016\/10\/illustration_scan_08.jpg\"\r\n\t\t\t\t\t   title=\"Crow\">\r\n\t\t\t\t\t\t<img id=\"wd-cl-img5\"\r\n\t\t\t\t\t\t     alt=\"Crow\"\r\n\t\t\t\t\t\t     src=\"https:\/\/www.winterdesign.it\/wp-content\/uploads\/2016\/10\/illustration_scan_08-300x200.jpg\"\/>\r\n\t\t\t\t\t\t\t\t\t\t\t<\/a>\r\n\t\t\t\t\t<input type=\"hidden\" class=\"pagenum\" value=\"1\"\/>\r\n\t\t\t\t\t\t\t\t\t\t\t\t\t\t\t\t\t\t\t<a class=\"gallery_group12\" href=\"http:\/\/www.winterdesign.it\/wp-content\/uploads\/2016\/10\/illustration_scan_09_constantine.jpg\"\r\n\t\t\t\t\t   title=\"Constantine\">\r\n\t\t\t\t\t\t<img id=\"wd-cl-img6\"\r\n\t\t\t\t\t\t     alt=\"Constantine\"\r\n\t\t\t\t\t\t     src=\"https:\/\/www.winterdesign.it\/wp-content\/uploads\/2016\/10\/illustration_scan_09_constantine-188x300.jpg\"\/>\r\n\t\t\t\t\t\t\t\t\t\t\t<\/a>\r\n\t\t\t\t\t<input type=\"hidden\" class=\"pagenum\" value=\"1\"\/>\r\n\t\t\t\t\t\t\t\t\t\t<\/div>\r\n\t<style>\r\n.justified-gallery {\r\n    width: 100%;\r\n    position: relative;\r\n}\r\n.justified-gallery a{\r\n    border:none;\r\n}\r\n.justified-gallery > a,\r\n.justified-gallery > div {\r\n    position: absolute;\r\n    display: inline-block;\r\n    opacity: 0;\r\n    overflow:hidden;\r\n    filter: alpha(opacity=0);\r\n    \/* IE8 or Earlier *\/\r\n}\r\n.justified-gallery > a > img,\r\n.justified-gallery > div > img {\r\n    position: absolute;\r\n    top: 50%;\r\n    left: 50%;\r\n    padding: 0;\r\n}\r\n.justified-gallery > a > .caption,\r\n.justified-gallery > div > .caption {\r\n    display: none;\r\n    position: absolute;\r\n    bottom: 0;\r\n    padding: 5px;\r\n    left: 0;\r\n    right: 0;\r\n    margin: 0;\r\n    color: #3AD6FC;\r\n    font-size: 13px;\r\n    font-weight: 300;\r\n    font-family: sans-serif;\r\n\/\/margin-left: px;\r\n    background:rgba(255,28,28,0.9)  !important;\r\n    overflow: hidden;\r\n    text-overflow: ellipsis;\r\n    white-space:nowrap;\r\n}\r\n.justified-gallery > a > .caption.caption-visible,\r\n.justified-gallery > div > .caption.caption-visible {\r\n    display: initial;\r\n    filter: \"alpha(opacity=70)\";\r\n    \/* IE8 or Earlier *\/\r\n    -webkit-animation: justified-gallery-show-caption-animation 500ms 0 ease;\r\n    -moz-animation: justified-gallery-show-caption-animation 500ms 0 ease;\r\n    -ms-animation: justified-gallery-show-caption-animation 500ms 0 ease;\r\n}\r\n.justified-gallery > .entry-visible {\r\n    opacity: 1.0;\r\n    filter: alpha(opacity=100);\r\n    \/* IE8 or Earlier *\/\r\n    -webkit-animation: justified-gallery-show-entry-animation 300ms 0 ease;\r\n    -moz-animation: justified-gallery-show-entry-animation 300ms 0 ease;\r\n    -ms-animation: justified-gallery-show-entry-animation 300ms 0 ease;\r\n}\r\n.justified-gallery > .spinner {\r\n    position: absolute;\r\n    bottom: 0;\r\n    margin-left: -24px;\r\n    padding: 10px 0 10px 0;\r\n    left: 50%;\r\n    opacity: initial;\r\n    filter: initial;\r\n    overflow: initial;\r\n}\r\n.justified-gallery > .spinner > span {\r\n    display: inline-block;\r\n    opacity: 0;\r\n    filter: alpha(opacity=0);\r\n    \/* IE8 or Earlier *\/\r\n    width: 8px;\r\n    height: 8px;\r\n    margin: 0 4px 0 4px;\r\n    background-color: #000;\r\n    border-top-left-radius: 6px;\r\n    border-top-right-radius: 6px;\r\n    border-bottom-right-radius: 6px;\r\n    border-bottom-left-radius: 6px;\r\n}\r\n.play-icon {\r\n    position:absolute;\r\n    top:0;\r\n    left:0;\r\n    width:100%;\r\n    height:100%;\r\n}\r\n.load_more2 {\r\n    margin: 10px 0;\r\n    position:relative;\r\n    text-align:center;\r\n    width:100%;\r\n}\r\n.load_more_button2 {\r\n    border-radius: 10px;\r\n    display:inline-block;\r\n    padding:5px 15px;\r\n    font-size:14px !important;;\r\n    color:#FF1C1C !important;;\r\n    background:#26A6FC !important;\r\n    cursor:pointer;\r\n}\r\n.load_more_button2:hover{\r\n    color:#FF4242 !important;\r\n    background:#0FEFFF !important;\r\n}\r\n.loading2 {\r\n    display:none;\r\n}\r\n.paginate2{\r\n    font-size:18px !important;\r\n    color:#26A6FC !important;\r\n    text-align: center;\r\n    margin-top: 25px;\r\n}\r\n.paginate2 a{\r\n    border-bottom: none !important;\r\n}\r\n.icon-style2{\r\n    font-size: 18px !important;\r\n    color:#26A6FC !important;\r\n}\r\n.clear{\r\n    clear:both;\r\n}\r\n.play-icon.youtube-icon {background:url(https:\/\/www.winterdesign.it\/wp-content\/plugins\/gallery-images\/assets\/images\/admin_images\/play.youtube.png) center center no-repeat;}\r\n.play-icon.vimeo-icon {background:url(https:\/\/www.winterdesign.it\/wp-content\/plugins\/gallery-images\/assets\/images\/admin_images\/play.vimeo.png) center center no-repeat;}\r\n<\/style>\n<p>&nbsp;<\/p>\n<h4>Oria (Messapi civilization) archaeology 3d video<\/h4>\n<p><iframe loading=\"lazy\" src=\"https:\/\/www.youtube.com\/embed\/HVOHi_pWvLE\" width=\"640\" height=\"360\" frameborder=\"0\" allowfullscreen=\"allowfullscreen\"><\/iframe><\/p>\n<h4>Vaste (Salento) archaeology 3d video<\/h4>\n<p><iframe loading=\"lazy\" src=\"https:\/\/www.youtube.com\/embed\/sIiLxizO6x8\" width=\"640\" height=\"360\" frameborder=\"0\" allowfullscreen=\"allowfullscreen\"><\/iframe><\/p>\n","protected":false},"excerpt":{"rendered":"<p>winter design 3d | graphics | illustration | multimedia | folktronica winter design \u00e8 un&#8217;attivit\u00e0 professionale di graphic designer \u00e8 riconosciuta ed apprezzata per le competenze quali grafica 3D, illustrazione, brand design, immagine coordinata ed animazione video. Multimedialit\u00e0, Graphic Design<\/p>\n","protected":false},"author":1,"featured_media":0,"parent":0,"menu_order":0,"comment_status":"closed","ping_status":"closed","template":"","meta":[],"yoast_head":"<!-- This site is optimized with the Yoast SEO plugin v21.8.1 - https:\/\/yoast.com\/wordpress\/plugins\/seo\/ -->\r\n<title>winter design - 3d | graphics | illustration | multimedia | folktronica<\/title>\r\n<meta name=\"description\" content=\"who&#039;s winter design? We work from draft to virtual reality, from pencil to vector based illustration: passion for an idea!\" \/>\r\n<meta name=\"robots\" content=\"index, follow, max-snippet:-1, max-image-preview:large, max-video-preview:-1\" \/>\r\n<link rel=\"canonical\" href=\"https:\/\/www.winterdesign.it\/index.php\/whos-winter\/\" \/>\r\n<meta property=\"og:locale\" content=\"en_US\" \/>\r\n<meta property=\"og:type\" content=\"article\" \/>\r\n<meta property=\"og:title\" content=\"winter design - 3d | graphics | illustration | multimedia | folktronica\" \/>\r\n<meta property=\"og:description\" content=\"who&#039;s winter design? We work from draft to virtual reality, from pencil to vector based illustration: passion for an idea!\" \/>\r\n<meta property=\"og:url\" content=\"https:\/\/www.winterdesign.it\/index.php\/whos-winter\/\" \/>\r\n<meta property=\"og:site_name\" content=\"Winter Design\" \/>\r\n<meta property=\"article:publisher\" content=\"http:\/\/facebook.com\/winterdesign\" \/>\r\n<meta property=\"article:modified_time\" content=\"2022-03-04T18:57:42+00:00\" \/>\r\n<meta name=\"twitter:card\" content=\"summary_large_image\" \/>\r\n<meta name=\"twitter:site\" content=\"@winter_design\" \/>\r\n<meta name=\"twitter:label1\" content=\"Est. reading time\" \/>\n\t<meta name=\"twitter:data1\" content=\"1 minute\" \/>\r\n<script type=\"application\/ld+json\" class=\"yoast-schema-graph\">{\"@context\":\"https:\/\/schema.org\",\"@graph\":[{\"@type\":\"WebPage\",\"@id\":\"https:\/\/www.winterdesign.it\/index.php\/whos-winter\/\",\"url\":\"https:\/\/www.winterdesign.it\/index.php\/whos-winter\/\",\"name\":\"winter design - 3d | graphics | illustration | multimedia | folktronica\",\"isPartOf\":{\"@id\":\"https:\/\/www.winterdesign.it\/#website\"},\"datePublished\":\"2016-09-28T16:12:10+00:00\",\"dateModified\":\"2022-03-04T18:57:42+00:00\",\"description\":\"who's winter design? We work from draft to virtual reality, from pencil to vector based illustration: passion for an idea!\",\"breadcrumb\":{\"@id\":\"https:\/\/www.winterdesign.it\/index.php\/whos-winter\/#breadcrumb\"},\"inLanguage\":\"en-US\",\"potentialAction\":[{\"@type\":\"ReadAction\",\"target\":[\"https:\/\/www.winterdesign.it\/index.php\/whos-winter\/\"]}]},{\"@type\":\"BreadcrumbList\",\"@id\":\"https:\/\/www.winterdesign.it\/index.php\/whos-winter\/#breadcrumb\",\"itemListElement\":[{\"@type\":\"ListItem\",\"position\":1,\"name\":\"Home\",\"item\":\"https:\/\/www.winterdesign.it\/\"},{\"@type\":\"ListItem\",\"position\":2,\"name\":\"Who&#8217;s Winter Design?\"}]},{\"@type\":\"WebSite\",\"@id\":\"https:\/\/www.winterdesign.it\/#website\",\"url\":\"https:\/\/www.winterdesign.it\/\",\"name\":\"Winter Design\",\"description\":\"Graphic Design | 3d | Multimedia\",\"potentialAction\":[{\"@type\":\"SearchAction\",\"target\":{\"@type\":\"EntryPoint\",\"urlTemplate\":\"https:\/\/www.winterdesign.it\/?s={search_term_string}\"},\"query-input\":\"required name=search_term_string\"}],\"inLanguage\":\"en-US\"}]}<\/script>\r\n<!-- \/ Yoast SEO plugin. -->","yoast_head_json":{"title":"winter design - 3d | graphics | illustration | multimedia | folktronica","description":"who's winter design? We work from draft to virtual reality, from pencil to vector based illustration: passion for an idea!","robots":{"index":"index","follow":"follow","max-snippet":"max-snippet:-1","max-image-preview":"max-image-preview:large","max-video-preview":"max-video-preview:-1"},"canonical":"https:\/\/www.winterdesign.it\/index.php\/whos-winter\/","og_locale":"en_US","og_type":"article","og_title":"winter design - 3d | graphics | illustration | multimedia | folktronica","og_description":"who's winter design? We work from draft to virtual reality, from pencil to vector based illustration: passion for an idea!","og_url":"https:\/\/www.winterdesign.it\/index.php\/whos-winter\/","og_site_name":"Winter Design","article_publisher":"http:\/\/facebook.com\/winterdesign","article_modified_time":"2022-03-04T18:57:42+00:00","twitter_card":"summary_large_image","twitter_site":"@winter_design","twitter_misc":{"Est. reading time":"1 minute"},"schema":{"@context":"https:\/\/schema.org","@graph":[{"@type":"WebPage","@id":"https:\/\/www.winterdesign.it\/index.php\/whos-winter\/","url":"https:\/\/www.winterdesign.it\/index.php\/whos-winter\/","name":"winter design - 3d | graphics | illustration | multimedia | folktronica","isPartOf":{"@id":"https:\/\/www.winterdesign.it\/#website"},"datePublished":"2016-09-28T16:12:10+00:00","dateModified":"2022-03-04T18:57:42+00:00","description":"who's winter design? We work from draft to virtual reality, from pencil to vector based illustration: passion for an idea!","breadcrumb":{"@id":"https:\/\/www.winterdesign.it\/index.php\/whos-winter\/#breadcrumb"},"inLanguage":"en-US","potentialAction":[{"@type":"ReadAction","target":["https:\/\/www.winterdesign.it\/index.php\/whos-winter\/"]}]},{"@type":"BreadcrumbList","@id":"https:\/\/www.winterdesign.it\/index.php\/whos-winter\/#breadcrumb","itemListElement":[{"@type":"ListItem","position":1,"name":"Home","item":"https:\/\/www.winterdesign.it\/"},{"@type":"ListItem","position":2,"name":"Who&#8217;s Winter Design?"}]},{"@type":"WebSite","@id":"https:\/\/www.winterdesign.it\/#website","url":"https:\/\/www.winterdesign.it\/","name":"Winter Design","description":"Graphic Design | 3d | Multimedia","potentialAction":[{"@type":"SearchAction","target":{"@type":"EntryPoint","urlTemplate":"https:\/\/www.winterdesign.it\/?s={search_term_string}"},"query-input":"required name=search_term_string"}],"inLanguage":"en-US"}]}},"_links":{"self":[{"href":"https:\/\/www.winterdesign.it\/index.php\/wp-json\/wp\/v2\/pages\/78"}],"collection":[{"href":"https:\/\/www.winterdesign.it\/index.php\/wp-json\/wp\/v2\/pages"}],"about":[{"href":"https:\/\/www.winterdesign.it\/index.php\/wp-json\/wp\/v2\/types\/page"}],"author":[{"embeddable":true,"href":"https:\/\/www.winterdesign.it\/index.php\/wp-json\/wp\/v2\/users\/1"}],"replies":[{"embeddable":true,"href":"https:\/\/www.winterdesign.it\/index.php\/wp-json\/wp\/v2\/comments?post=78"}],"version-history":[{"count":8,"href":"https:\/\/www.winterdesign.it\/index.php\/wp-json\/wp\/v2\/pages\/78\/revisions"}],"predecessor-version":[{"id":824,"href":"https:\/\/www.winterdesign.it\/index.php\/wp-json\/wp\/v2\/pages\/78\/revisions\/824"}],"wp:attachment":[{"href":"https:\/\/www.winterdesign.it\/index.php\/wp-json\/wp\/v2\/media?parent=78"}],"curies":[{"name":"wp","href":"https:\/\/api.w.org\/{rel}","templated":true}]}}